{"id":49,"date":"2011-06-02T15:29:02","date_gmt":"2011-06-02T15:29:02","guid":{"rendered":"https:\/\/www.uskolavrsac.edu.rs\/ipaproject\/?page_id=49"},"modified":"2023-08-30T15:24:07","modified_gmt":"2023-08-30T15:24:07","slug":"video","status":"publish","type":"page","link":"https:\/\/www.uskolavrsac.edu.rs\/ipaproject\/video\/","title":{"rendered":"Video"},"content":{"rendered":"<p>Prilog regionalne TV Banat o konferenciji u Vr\u0161cu, 27.03.2012.&nbsp;<br \/>\n<iframe loading=\"lazy\" src=\"http:\/\/www.youtube.com\/embed\/oiqRr31VRYo\" width=\"480\" height=\"390\" frameborder=\"0\" allowfullscreen=\"allowfullscreen\"><\/iframe><\/p>\n<p>Video materijal zabele\u017een amaterskom kamerom tokom&nbsp;konferencije u Vr\u0161cu 27.03.2012. Uvodna obra\u0107anja.<br \/>\n<iframe loading=\"lazy\" src=\"http:\/\/www.youtube.com\/embed\/9W0TN5KKYnI\" width=\"480\" height=\"390\" frameborder=\"0\"><\/iframe><br \/>\nVideo materijal zabele\u017een amaterskom kamerom tokom konferencije u Vr\u0161cu 27.03.2012. Prezentacije radova.<br \/>\n<iframe loading=\"lazy\" src=\"http:\/\/www.youtube.com\/embed\/OpNVM7gKY0o\" width=\"480\" height=\"390\" frameborder=\"0\"><\/iframe><\/p>\n<p style=\"text-align: left;\">Video materijal zabele\u017een amaterskom kamerom tokom obuke u Vr\u0161cu 20.06.2011.<\/p>\n<p><object width=\"480\" height=\"390\" classid=\"clsid:d27cdb6e-ae6d-11cf-96b8-444553540000\" codebase=\"http:\/\/download.macromedia.com\/pub\/shockwave\/cabs\/flash\/swflash.cab#version=6,0,40,0\"><param name=\"allowFullScreen\" value=\"true\"><param name=\"allowscriptaccess\" value=\"always\"><param name=\"src\" value=\"http:\/\/www.youtube.com\/v\/MJjYjYYMg1k?hl=en&amp;fs=1\"><param name=\"allowfullscreen\" value=\"true\"><embed width=\"480\" height=\"390\" type=\"application\/x-shockwave-flash\" src=\"http:\/\/www.youtube.com\/v\/MJjYjYYMg1k?hl=en&amp;fs=1\" allowfullscreen=\"allowfullscreen\" allowscriptaccess=\"always\"><\/object><\/p>\n<p style=\"text-align: left;\">Video materijal od 20.06.2011. &#8211; drugi deo<\/p>\n<p><iframe loading=\"lazy\" src=\"http:\/\/www.youtube.com\/embed\/cxuY1wZLnx8?rel=0\" width=\"480\" height=\"390\" frameborder=\"0\"><\/iframe><\/p>\n<p style=\"text-align: left;\">Video materijal zabele\u017een amaterskom kamerom tokom obuke u Vr\u0161cu 25.05.2011.<\/p>\n<p><iframe loading=\"lazy\" src=\"http:\/\/www.youtube.com\/embed\/RSqVxCnLn_A?rel=0\" width=\"480\" height=\"390\" frameborder=\"0\"><\/iframe><\/p>\n","protected":false},"excerpt":{"rendered":"<p>Prilog regionalne TV Banat o konferenciji u Vr\u0161cu, 27.03.2012.&nbsp; <\/p>\n<p>Video materijal zabele\u017een amaterskom kamerom tokom&nbsp;konferencije u Vr\u0161cu 27.03.2012. Uvodna obra\u0107anja. Video materijal zabele\u017een amaterskom kamerom tokom konferencije u Vr\u0161cu 27.03.2012. Prezentacije radova. <\/p>\n<p style=\"text-align: left;\">Video materijal zabele\u017een amaterskom kamerom tokom obuke u Vr\u0161cu 20.06.2011.<\/p>\n<\/p>\n<p style=\"text-align: left;\">Video materijal od 20.06.2011. &#8211; drugi <span style=\"color:#777\"> . . . <\/p>\n","protected":false},"author":2,"featured_media":0,"parent":0,"menu_order":0,"comment_status":"closed","ping_status":"open","template":"","meta":{"ngg_post_thumbnail":0,"footnotes":""},"class_list":["post-49","page","type-page","status-publish","hentry","odd"],"_links":{"self":[{"href":"https:\/\/www.uskolavrsac.edu.rs\/ipaproject\/wp-json\/wp\/v2\/pages\/49","targetHints":{"allow":["GET"]}}],"collection":[{"href":"https:\/\/www.uskolavrsac.edu.rs\/ipaproject\/wp-json\/wp\/v2\/pages"}],"about":[{"href":"https:\/\/www.uskolavrsac.edu.rs\/ipaproject\/wp-json\/wp\/v2\/types\/page"}],"author":[{"embeddable":true,"href":"https:\/\/www.uskolavrsac.edu.rs\/ipaproject\/wp-json\/wp\/v2\/users\/2"}],"replies":[{"embeddable":true,"href":"https:\/\/www.uskolavrsac.edu.rs\/ipaproject\/wp-json\/wp\/v2\/comments?post=49"}],"version-history":[{"count":25,"href":"https:\/\/www.uskolavrsac.edu.rs\/ipaproject\/wp-json\/wp\/v2\/pages\/49\/revisions"}],"predecessor-version":[{"id":135,"href":"https:\/\/www.uskolavrsac.edu.rs\/ipaproject\/wp-json\/wp\/v2\/pages\/49\/revisions\/135"}],"wp:attachment":[{"href":"https:\/\/www.uskolavrsac.edu.rs\/ipaproject\/wp-json\/wp\/v2\/media?parent=49"}],"curies":[{"name":"wp","href":"https:\/\/api.w.org\/{rel}","templated":true}]}}

<p>Prilog regionalne TV Banat o konferenciji u Vršcu, 27.03.2012.&nbsp;<br />
<iframe loading="lazy" src="http://www.youtube.com/embed/oiqRr31VRYo" width="480" height="390" frameborder="0" allowfullscreen="allowfullscreen"></iframe></p>
<p>Video materijal zabeležen amaterskom kamerom tokom&nbsp;konferencije u Vršcu 27.03.2012. Uvodna obraćanja.<br />
<iframe loading="lazy" src="http://www.youtube.com/embed/9W0TN5KKYnI" width="480" height="390" frameborder="0"></iframe><br />
Video materijal zabeležen amaterskom kamerom tokom konferencije u Vršcu 27.03.2012. Prezentacije radova.<br />
<iframe loading="lazy" src="http://www.youtube.com/embed/OpNVM7gKY0o" width="480" height="390" frameborder="0"></iframe></p>
<p style="text-align: left;">Video materijal zabeležen amaterskom kamerom tokom obuke u Vršcu 20.06.2011.</p>
<p><object width="480" height="390" classid="clsid:d27cdb6e-ae6d-11cf-96b8-444553540000" codebase="http://download.macromedia.com/pub/shockwave/cabs/flash/swflash.cab#version=6,0,40,0"><param name="allowFullScreen" value="true"><param name="allowscriptaccess" value="always"><param name="src" value="http://www.youtube.com/v/MJjYjYYMg1k?hl=en&amp;fs=1"><param name="allowfullscreen" value="true"><embed width="480" height="390" type="application/x-shockwave-flash" src="http://www.youtube.com/v/MJjYjYYMg1k?hl=en&amp;fs=1" allowfullscreen="allowfullscreen" allowscriptaccess="always"></object></p>
<p style="text-align: left;">Video materijal od 20.06.2011. &#8211; drugi deo</p>
<p><iframe loading="lazy" src="http://www.youtube.com/embed/cxuY1wZLnx8?rel=0" width="480" height="390" frameborder="0"></iframe></p>
<p style="text-align: left;">Video materijal zabeležen amaterskom kamerom tokom obuke u Vršcu 25.05.2011.</p>
<p><iframe loading="lazy" src="http://www.youtube.com/embed/RSqVxCnLn_A?rel=0" width="480" height="390" frameborder="0"></iframe></p>

<p>Prilog regionalne TV Banat o konferenciji u Vršcu, 27.03.2012.&nbsp; </p>
<p>Video materijal zabeležen amaterskom kamerom tokom&nbsp;konferencije u Vršcu 27.03.2012. Uvodna obraćanja. Video materijal zabeležen amaterskom kamerom tokom konferencije u Vršcu 27.03.2012. Prezentacije radova. </p>
<p style="text-align: left;">Video materijal zabeležen amaterskom kamerom tokom obuke u Vršcu 20.06.2011.</p>
</p>
<p style="text-align: left;">Video materijal od 20.06.2011. &#8211; drugi <span style="color:#777"> . . . </p>
